 by 13.
2
What is the remainder when 28 is divided by 16?
12
Calculate the remainder when 804 is divided by 374.
56
What is the remainder when 465 is divided by 40?
25
What is the remainder when 336 is divided by 28?
0
What is the remainder when 322 is divided by 81?
79
What is the remainder when 4421 is divided by 1105?
1
Calculate the remainder when 4388 is divided by 21.
20
What is the remainder when 90 is divided by 4?
2
What is the remainder when 941 is divided by 157?
156
What is the remainder when 204 is divided by 59?
27
Calculate the remainder when 724 is divided by 196.
136
What is the remainder when 15261 is divided by 13?
12
What is the remainder when 2461 is divided by 129?
10
What is the remainder when 38 is divided by 19?
0
Calculate the remainder when 5 is divided by 4.
1
Calculate the remainder when 594 is divided by 13.
9
Calculate the remainder when 959 is divided by 3.
2
What is the remainder when 1372 is divided by 366?
274
Calculate the remainder when 296 is divided by 280.
16
Calculate the remainder when 6325 is divided by 171.
169
Calculate the remainder when 133 is divided by 30.
13
What is the remainder when 257 is divided by 49?
12
Calculate the remainder when 175 is divided by 52.
19
What is the remainder when 83 is divided by 39?
5
What is the remainder when 5 is divided by 5?
0
Calculate the remainder when 1117 is divided by 184.
13
What is the remainder when 100 is divided by 8?
4
Calculate the remainder when 517 is divided by 87.
82
What is the remainder when 152 is divided by 96?
56
What is the remainder when 374 is divided by 79?
58
What is the remainder when 249 is divided by 10?
9
Calculate the remainder when 701 is divided by 76.
17
What is the remainder when 41 is divided by 24?
17
What is the remainder when 180 is divided by 38?
28
Calculate the remainder when 2374 is divided by 108.
106
Calculate the remainder when 145 is divided by 80.
65
Calculate the remainder when 2566 is divided by 75.
16
What is the remainder when 805 is divided by 307?
191
What is the remainder when 189 is divided by 19?
18
Calculate the remainder when 3671 is divided by 153.
152
Calculate the remainder when 1042 is divided by 37.
6
Calculate the remainder when 2242 is divided by 125.
117
What is the remainder when 625 is divided by 57?
55
What is the remainder when 232 is divided by 59?
55
What is the remainder when 50 is divided by 17?
16
Calculate the remainder when 230 is divided by 107.
16
What is the remainder when 132 is divided by 35?
27
Calculate the remainder when 3594 is divided by 116.
114
Calculate the remainder when 18742 is divided by 71.
69
Calculate the remainder when 229 is divided by 105.
19
What is the remainder when 55 is divided by 17?
4
What is the remainder when 69 is divided by 31?
7
Calculate the remainder when 299 is divided by 15.
14
Calculate the remainder when 14 is divided by 9.
5
Calculate the remainder when 3705 is divided by 36.
33
Calculate the remainder when 72 is divided by 39.
33
Calculate the remainder when 330 is divided by 69.
54
Calculate the remainder when 196 is divided by 76.
44
Calculate the remainder when 310 is divided by 91.
37
Calculate the remainder when 1240 is divided by 411.
7
What is the remainder when 2795 is divided by 697?
7
Calculate the remainder when 1399 is divided by 8.
7
Calculate the remainder when 52 is divided by 14.
10
Calculate the remainder when 211 is divided by 18.
13
Calculate the remainder when 386 is divided by 152.
82
Calculate the remainder when 401 is divided by 179.
43
What is the remainder when 258 is divided by 9?
6
What is the remainder when 3494 is divided by 31?
22
Calculate the remainder when 1197 is divided by 40.
37
What is the remainder when 1341 is divided by 56?
53
What is the remainder when 1872 is divided by 169?
13
What is the remainder when 213 is divided by 56?
45
Calculate the remainder when 342 is divided by 69.
66
Calculate the remainder when 1334 is divided by 34.
8
What is the remainder when 1180 is divided by 144?
28
What is the remainder when 923 is divided by 66?
65
Calculate the remainder when 58 is divided by 10.
8
What is the remainder when 538 is divided by 90?
88
What is the remainder when 157 is divided by 86?
71
Calculate the remainder when 758 is divided by 251.
5
Calculate the remainder when 3883 is divided by 185.
183
Calculate the remainder when 69 is divided by 26.
17
What is the remainder when 323 is divided by 15?
8
What is the remainder when 844 is divided by 73?
41
Calculate the remainder when 707 is divided by 12.
11
What is the remainder when 230 is divided by 56?
6
Calculate the remainder when 65 is divided by 64.
1
What is the remainder when 150 is divided by 20?
10
Calculate the remainder when 2224 is divided by 44.
24
What is the remainder when 2174 is divided by 32?
30
What is the remainder when 135 is divided by 14?
9
What is the remainder when 4213 is divided by 382?
11
Calculate the remainder when 9252 is divided by 2310.
12
What is the remainder when 514 is divided by 315?
199
Calculate the remainder when 694 is divided by 117.
109
What is the remainder when 638 is divided by 320?
318
What is the remainder when 65 is divided by 6?
5
Calculate the remainder when 172 is divided by 157.
15
Calculate the remainder when 302 is divided by 44.
38
Calculate the remainder when 1166 is divided by 83.
4
What is the remainder when 636 is divided by 7?
6
What is the remainder when 396 is divided by 57?
54
What is the remainder when 2766 is divided by 99?
93
What is the remainder when 161 is divided by 52?
5
Calculate the remainder when 158 is divided by 50.
8
Calculate the remainder when 98 is divided by 32.
2
Calculate the remainder when 1176 is divided by 41.
28
What is the remainder when 9624 is divided by 57?
48
Calculate the remainder when 714 is divided by 15.
9
What is the remainder when 86 is divided by 11?
9
What is the remainder when 2483 is divided by 353?
12
Calculate the remainder when 228 is divided by 40.
28
Calculate the remainder when 501 is divided by 72.
69
What is the remainder when 3372 is divided by 17?
6
Calculate the remainder when 7530 is divided by 377.
367
Calculate the remainder when 999 is divided by 165.
9
What is the remainder when 253 is divided by 59?
17
What is the remainder when 1510 is divided by 12?
10
What is the remainder when 143 is divided by 61?
21
What is the remainder when 928 is divided by 134?
124
Calculate the remainder when 2813 is divided by 6.
5
What is the remainder when 56105 is divided by 54?
53
What is the remainder when 1474 is divided by 105?
4
What is the remainder when 732 is divided by 32?
28
Calculate the remainder when 12215 is divided by 10.
5
Calculate the remainder when 239 is divided by 73.
20
What is the remainder when 15094 is divided by 111?
109
What is the remainder when 707 is divided by 240?
227
Calculate the remainder when 4116 is divided by 38.
12
What is the remainder when 409 is divided by 142?
125
What is the remainder when 89 is divided by 27?
8
Calculate the remainder when 97 is divided by 32.
1
Calculate the remainder when 62918 is divided by 242.
240
What is the remainder when 1374 is divided by 32?
30
What is the remainder when 458 is divided by 113?
6
Calculate the remainder when 605 is divided by 92.
53
What is the remainder when 182 is divided by 46?
44
Calculate the remainder when 166 is divided by 34.
30
Calculate the remainder when 6979 is divided by 20.
19
Calculate the remainder when 216 is divided by 107.
2
Calculate the remainder when 114 is divided by 17.
12
What is the remainder when 258 is divided by 37?
36
Calculate the remainder when 22427 is divided by 63.
62
What is the remainder when 1172 is divided by 98?
94
Calculate the remainder when 96 is divided by 34.
28
What is the remainder when 363 is divided by 75?
63
Calculate the remainder when 634 is divided by 176.
106
Calculate the remainder when 417 is divided by 51.
9
What is the remainder when 88 is divided by 11?
0
What is the remainder when 285 is divided by 44?
21
Calculate the remainder when 75 is divided by 40.
35
What is the remainder when 46 is divided by 27?
19
What is the remainder when 726 is divided by 146?
142
What is the remainder when 668 is divide